 + 24, 4*g - 68 = -4*f. Suppose -3*x + 15 = -2*i + 157, 3*i = 2*x + 208. What is the greatest common factor of i and g?
17
Suppose -2*t - 3*t = -10. Let b be -5*(-4)/t + 3. Suppose -3*f + 52 = -f. Calculate the greatest common factor of b and f.
13
Let a = 14 - -53. Let u be (29/3)/((-2)/(-6)). Let k = a - u. Calculate the greatest common factor of 95 and k.
19
Suppose -35 = -j + 31. What is the highest common factor of 11 and j?
11
Suppose -i = -2*i + 10. Let l = 59 + -39. What is the highest common factor of l and i?
10
Suppose -5*o = -293 - 92. Calculate the greatest common factor of o and 11.
11
Suppose 24*c = 27*c - 45. Calculate the greatest common factor of c and 75.
15
Let v = -18 + 23. Suppose -v*x = -3*t + 61 - 6, 3*t + x - 43 = 0. Calculate the highest common divisor of t and 75.
15
Let a = -1 - -5. Let u = a + 5. Calculate the highest common factor of u and 45.
9
Suppose -21*u + 20*u - 216 = -3*q, 0 = -u. Calculate the highest common factor of q and 18.
18
Let j be (15/(-2))/((-1)/2). Let f = -4 - -7. Suppose -5*b = -4*q + 3 + 6, 4*q - 33 = -f*b. What is the highest common factor of q and j?
3
Let z = 8 + -6. Calculate the greatest common divisor of z and 12.
2
Suppose -4*w = g - 981, -w = -6*w - 3*g + 1228. Calculate the greatest common divisor of w and 49.
49
Let d(x) = x + 1. Let i be (-1)/4 + (-7)/(-28). Let o be d(i). Let q be (-4 + 1)*2/(-3). What is the greatest common divisor of q and o?
1
Suppose 3*q = 16 + 38. Let m(f) = -f**3 - 8*f**2 - 7*f + 2. Let w be m(-7). Let a be w/2 + 13 - 2. Calculate the greatest common factor of a and q.
6
Suppose -10 = 2*n - 38. Let q = n + -1. Suppose 3*g + 3*g = 858. Calculate the greatest common divisor of q and g.
13
Let p = 14 + 0. Let g(n) = n**3 - 9*n**2 + n - 12. Let h be g(10). Calculate the greatest common factor of p and h.
14
Let r(n) be the third derivative of n**6/60 - n**5/15 + n**4/8 + 2*n**2. Let d be r(2). What is the highest common divisor of d and 4?
2
Suppose -t + 6*t = 25. Suppose -2*r - 2*i + 0*i - 4 = 0, -10 = -r + 3*i. Calculate the highest common divisor of r and t.
1
Let n(k) = -k + 1. Let l be n(-3). Calculate the greatest common divisor of 2 and l.
2
Suppose 468 = z + 3*z. Calculate the highest common divisor of z and 13.
13
Suppose 3*j - 168 = 2*j. Let a = 44 - 23. Calculate the greatest common divisor of a and j.
21
Suppose 556 = 9*i - 200. Calculate the highest common divisor of i and 12.
12
Suppose 0 = -4*g + 3*n + 390, -2*g + 5*n + 0*n + 202 = 0. Calculate the greatest common divisor of g and 12.
12
Suppose -3*n + 7 + 5 = 0. Suppose 109 = 5*t + 2*x, n*t - 3*t + 3*x - 14 = 0. Calculate the highest common divisor of t and 207.
23
Suppose 76*v + 10 = 77*v. What is the highest common factor of v and 1?
1
Suppose -17 = i + 4*s, s - 2 = -2*i - 8. Let k be (-30)/8 - (-2)/(-8). Let u = i - k. Calculate the highest common factor of u and 33.
3
Suppose -74 = 6*z - 7*z. Calculate the highest common factor of z and 185.
37
Suppose 4*r - 21 = -3*r. Calculate the highest common divisor of 33 and r.
3
Let a = 2 - -1. Let p(y) = -3*y**2 - y**a + y**2 + 1 + y**2. Let j be p(-2). What is the greatest common divisor of j and 1?
1
Let n(b) = -b**2 + 4*b + 2*b**2 + 0*b**2 - 5 + b. Let v be n(-7). Let w = 19 - v. Calculate the highest common factor of 15 and w.
5
Let l(j) = 2*j**2 - 3*j - 1. Let t be 1*(2 + -3)*3. Let g = t - -6. Let p be l(g). What is the greatest common factor of p and 2?
2
Suppose -5 = -12*s + 11*s. Let v be (-1)/(-3) + 17/3. Suppose 5*h + 2*g = 285, -g - 1 = -v. What is the highest common divisor of s and h?
5
Let k be (-28)/3*18/(-12). Calculate the greatest common divisor of k and 2.
2
Suppose 3*a + 50 - 9 = 4*j, -3 = -2*j + 5*a. Let p be j/(-21) + (-347)/(-3). Calculate the highest common factor of p and 23.
23
Suppose -2*i + 47 = 7. Let d = i - 3. What is the highest common divisor of d and 34?
17
Suppose r = -4*x + 48, 0*r + 4*x + 72 = r. Let g be 3/2*(19 + -3). What is the highest common factor of g and r?
12
Suppose 2*g - 171 = -2*g + 3*n, g = -2*n + 40. Calculate the highest common factor of g and 56.
14
Let m(d) = -d**2 + 13*d - 12. Let p be m(10). What is the greatest common divisor of p and 9?
9
Suppose 2*w + 3*w - 2*k = 12, 4*w = 4*k + 12. Suppose 4*j + 30 = j. Let o = 32 + j. Calculate the greatest common factor of o and w.
2
Suppose 0 = r - q - 20, 3*q - 6*q + 36 = r. What is the greatest common divisor of r and 192?
24
Suppose 0*q - 183 = -5*q + 2*g, -4*g - 86 = -2*q. Let n be 60/14 - 10/q. What is the highest common factor of n and 4?
4
Let p(z) = -z**2 + 8*z - 5. Let t be p(7). Calculate the highest common divisor of 1 and t.
1
Suppose -3*z + 4*z - 44 = 0. Calculate the highest common divisor of z and 110.
22
Suppose -2 = p, 0 = -3*d + 2*p - 0*p - 44. Suppose -5*r + 5*h = -r + 112, 0 = -4*r - 3*h - 144. Let m = d - r. What is the highest common factor of 17 and m?
17
Let u(m) = -m**2 + 13*m + 3. Let j be u(13). Let o be 2/(-4) - (-15)/6. Suppose -o*g = j*g - 240. Calculate the greatest common factor of g and 12.
12
Let y = 1 + 4. Suppose y*j + 2*v = 4*j + 38, -2*j = 5*v - 73. Calculate the greatest common factor of 4 and j.
4
Suppose 6*d + 8*d - 42 = 0. Suppose 2*i = 6*i + k - 65, 5 = k. Calculate the greatest common divisor of d and i.
3
Suppose 0 = 16*s - 11*s - 195. Calculate the greatest common divisor of s and 26.
13
Let a(h) = 19*h**2 + 2*h. Let r be a(-3). Suppose -t + 2*x = -23, -2*t + 7*t - 3*x = 87. What is the greatest common factor of r and t?
15
Let a(l) = l**2 + 6*l + 5. Let r be a(-7). What is the greatest common divisor of r and 36?
12
Let z(p) = -39*p. Let n = -7 - -6. Let s be z(n). Let v be 3 + (-4)/2 + 12. Calculate the greatest common factor of s and v.
13
Suppose i - 134 - 1 = 0. What is the highest common factor of 54 and i?
27
Let o(m) = 17*m + 1. Let n be o(3). Suppose 5*v - 3*l = -0*v - 8, 2*v + 4*l = 2. Let s be v*3/((-3)/13). What is the highest common factor of n and s?
13
Suppose -4*g + 3 = 31. Let b(j) = -j + 3. Let z be b(g). What is the highest common factor of z and 5?
5
Let a(q) = q**3 - 8*q**2 + 7*q + 3. Let g be a(7). Suppose -g*h - 2 = -h, b - h = 43. What is the greatest common factor of 28 and b?
14
Let m = -1 - -7. Suppose 2*q - m = 6. Suppose -x + q = -5. What is the highest common divisor of x and 110?
11
Let z(h) = h**2 - 14*h + 5. Let p be z(14). What is the highest common factor of p and 10?
5
Let k(x) = 44*x + 1. Let t be k(1). Let a be 36/48*2*2. Suppose a*f = 4*h - 16 - 1, 5*h - 29 = -4*f. Calculate the greatest common factor of t and h.
5
Let b be (-20)/60 - (-230)/6. Calculate the greatest common divisor of b and 19.
19
Suppose 2*t - t - 44 = 0. Suppose p - 2*h = 11, 2*p + p = -5*h + 33. Calculate the greatest common divisor of p and t.
11
Let b be 6/((-7)/(-21) - (-3)/(-27)). What is the highest common factor of b and 6?
3
Let j be 0 + ((-12)/(-2))/(-3). Let h(p) = -4*p - 3. Let x be h(j). Suppose -23 + 63 = u. Calculate the greatest common factor of x and u.
5
Let d(m) = -m**3 + 5*m**2 - 2*m + 4. Let g be d(4). What is the greatest common factor of 132 and g?
12
Suppose 0*u = 6*u - 12. Suppose f + 22 = u*f - s, 0 = 5*f + 4*s - 92. What is the highest common divisor of 5 and f?
5
Let y = 256 - 133. Suppose j = 2*j - y. Suppose -23 = 5*f - j. Calculate the greatest common divisor of 10 and f.
10
Let h be 38 - (2 + -1*2). Suppose 0 = u - 22 - h. Suppose -4*v + 18 = -v. What is the greatest common divisor of v and u?
6
Let t be -1 + (-1 - -2) - -222. Suppose 178 = 2*r - t. Suppose 0*z + 2*z + 5*v - 109 = 0, -5*z + 2*v + r = 0. Calculate the greatest common divisor of 28 and z.
14
Let y be (-1)/(2/(-7))*4. Suppose -i = g - y, -4*i + 19 + 49 = 5*g. Let q be 81 - -6*3/6. Calculate the greatest common factor of g and q.
12
Suppose -m = m - 2. Let w = -4 + m. Let h(q) = -5*q + 3. Let j be h(w). Calculate the highest common factor of 90 and j.
18
Suppose k + 0 = 2*g - 5, -3*k = -2*g - 1. Suppose f + 39 = 5*c + g*f, -4*f = 8. Calculate the greatest common divisor of c and 9.
9
Let u(y) = 10*y + 6. Let b be u(4). What is the highest common factor of b and 23?
23
Let h(c) = c**2 + 1. Let m be h(0). Suppose 0 = -2*k + 3 + m. Suppose 3*p + 4*y - 99 = 0, -4*p = -k*y - 54 - 78. What is the greatest comm